{"id":2,"date":"2022-01-17T14:34:34","date_gmt":"2022-01-17T13:34:34","guid":{"rendered":"http:\/\/www.sternstunden-buch.dede\/?page_id=2"},"modified":"2022-02-22T08:39:59","modified_gmt":"2022-02-22T07:39:59","slug":"sternstunden","status":"publish","type":"page","link":"https:\/\/www.sternstunden-buch.de\/","title":{"rendered":"Sternstunden"},"content":{"rendered":"\n<p>Viele Menschen sind von \u00bbBurnout\u00ab betroffen. Die Corona Pandemie hat diesen Trend noch verst\u00e4rkt.<\/p>\n\n\n\n<p>Ich bin selbst Betroffener! In diesem Buch beschreibe ich meinen Weg ins, im und durchs Burnout. Ich erz\u00e4hle von den \u00bbSternen\u00ab und \u00bbSch\u00e4tzen\u00ab, die ich mit Gottes Hilfe im Dunkeln dieser Lebenskrise entdeckt habe.<\/p>\n\n\n\n<p>Ich \u00f6ffne mit meinem Buch eine Schatzkiste voller kostbarer Erfahrungen und Hilfen, um ein Burnout im eigenen Leben zu vermeiden bzw. um es zu \u00fcberwinden.<br>Zudem finden sich viele hilfreiche Denkanst\u00f6\u00dfe, um Menschen mitten in dieser existenziellen Krise besser zu verstehen und zu begleiten.<\/p>\n\n\n\n<blockquote class=\"wp-block-quote is-layout-flow wp-block-quote-is-layout-flow\"><p><\/p><\/blockquote>\n\n\n\n<p><\/p>\n\n\n\n<blockquote class=\"wp-block-quote is-layout-flow wp-block-quote-is-layout-flow\"><p><\/p><\/blockquote>\n\n\n\n<p><\/p>\n","protected":false},"excerpt":{"rendered":"<p>Viele Menschen sind von \u00bbBurnout\u00ab betroffen. Die Corona Pandemie hat diesen Trend noch verst\u00e4rkt. Ich bin selbst Betroffener! In diesem Buch beschreibe ich meinen Weg ins, im und durchs Burnout. &#8230;<\/p>\n","protected":false},"author":1,"featured_media":0,"parent":0,"menu_order":0,"comment_status":"closed","ping_status":"closed","template":"template-frontpage.php","meta":{"footnotes":""},"class_list":["post-2","page","type-page","status-publish","hentry"],"yoast_head":"<!-- This site is optimized with the Yoast SEO plugin v27.4 - https:\/\/yoast.com\/product\/yoast-seo-wordpress\/ -->\n<title>Sternstunden - Sternstunden<\/title>\n<meta name=\"robots\" content=\"index, follow, max-snippet:-1, max-image-preview:large, max-video-preview:-1\" \/>\n<link rel=\"canonical\" href=\"https:\/\/www.sternstunden-buch.de\/\" \/>\n<meta property=\"og:locale\" content=\"de_DE\" \/>\n<meta property=\"og:type\" content=\"article\" \/>\n<meta property=\"og:title\" content=\"Sternstunden - Sternstunden\" \/>\n<meta property=\"og:description\" content=\"Viele Menschen sind von \u00bbBurnout\u00ab betroffen. Die Corona Pandemie hat diesen Trend noch verst\u00e4rkt. Ich bin selbst Betroffener! In diesem Buch beschreibe ich meinen Weg ins, im und durchs Burnout. ...\" \/>\n<meta property=\"og:url\" content=\"https:\/\/www.sternstunden-buch.de\/\" \/>\n<meta property=\"og:site_name\" content=\"Sternstunden\" \/>\n<meta property=\"article:modified_time\" content=\"2022-02-22T07:39:59+00:00\" \/>\n<meta name=\"twitter:card\" content=\"summary_large_image\" \/>\n<meta name=\"twitter:label1\" content=\"Gesch\u00e4tzte Lesezeit\" \/>\n\t<meta name=\"twitter:data1\" content=\"1\u00a0Minute\" \/>\n<script type=\"application\/ld+json\" class=\"yoast-schema-graph\">{\"@context\":\"https:\\\/\\\/schema.org\",\"@graph\":[{\"@type\":\"WebPage\",\"@id\":\"https:\\\/\\\/www.sternstunden-buch.de\\\/\",\"url\":\"https:\\\/\\\/www.sternstunden-buch.de\\\/\",\"name\":\"Sternstunden - Sternstunden\",\"isPartOf\":{\"@id\":\"https:\\\/\\\/www.sternstunden-buch.de\\\/#website\"},\"datePublished\":\"2022-01-17T13:34:34+00:00\",\"dateModified\":\"2022-02-22T07:39:59+00:00\",\"breadcrumb\":{\"@id\":\"https:\\\/\\\/www.sternstunden-buch.de\\\/#breadcrumb\"},\"inLanguage\":\"de\",\"potentialAction\":[{\"@type\":\"ReadAction\",\"target\":[\"https:\\\/\\\/www.sternstunden-buch.de\\\/\"]}]},{\"@type\":\"BreadcrumbList\",\"@id\":\"https:\\\/\\\/www.sternstunden-buch.de\\\/#breadcrumb\",\"itemListElement\":[{\"@type\":\"ListItem\",\"position\":1,\"name\":\"Startseite\",\"item\":\"https:\\\/\\\/www.sternstunden-buch.de\\\/\"},{\"@type\":\"ListItem\",\"position\":2,\"name\":\"Sternstunden\"}]},{\"@type\":\"WebSite\",\"@id\":\"https:\\\/\\\/www.sternstunden-buch.de\\\/#website\",\"url\":\"https:\\\/\\\/www.sternstunden-buch.de\\\/\",\"name\":\"Sternstunden\",\"description\":\"\",\"potentialAction\":[{\"@type\":\"SearchAction\",\"target\":{\"@type\":\"EntryPoint\",\"urlTemplate\":\"https:\\\/\\\/www.sternstunden-buch.de\\\/?s={search_term_string}\"},\"query-input\":{\"@type\":\"PropertyValueSpecification\",\"valueRequired\":true,\"valueName\":\"search_term_string\"}}],\"inLanguage\":\"de\"}]}<\/script>\n<!-- \/ Yoast SEO plugin. -->","yoast_head_json":{"title":"Sternstunden - Sternstunden","robots":{"index":"index","follow":"follow","max-snippet":"max-snippet:-1","max-image-preview":"max-image-preview:large","max-video-preview":"max-video-preview:-1"},"canonical":"https:\/\/www.sternstunden-buch.de\/","og_locale":"de_DE","og_type":"article","og_title":"Sternstunden - Sternstunden","og_description":"Viele Menschen sind von \u00bbBurnout\u00ab betroffen. Die Corona Pandemie hat diesen Trend noch verst\u00e4rkt. Ich bin selbst Betroffener! In diesem Buch beschreibe ich meinen Weg ins, im und durchs Burnout. ...","og_url":"https:\/\/www.sternstunden-buch.de\/","og_site_name":"Sternstunden","article_modified_time":"2022-02-22T07:39:59+00:00","twitter_card":"summary_large_image","twitter_misc":{"Gesch\u00e4tzte Lesezeit":"1\u00a0Minute"},"schema":{"@context":"https:\/\/schema.org","@graph":[{"@type":"WebPage","@id":"https:\/\/www.sternstunden-buch.de\/","url":"https:\/\/www.sternstunden-buch.de\/","name":"Sternstunden - Sternstunden","isPartOf":{"@id":"https:\/\/www.sternstunden-buch.de\/#website"},"datePublished":"2022-01-17T13:34:34+00:00","dateModified":"2022-02-22T07:39:59+00:00","breadcrumb":{"@id":"https:\/\/www.sternstunden-buch.de\/#breadcrumb"},"inLanguage":"de","potentialAction":[{"@type":"ReadAction","target":["https:\/\/www.sternstunden-buch.de\/"]}]},{"@type":"BreadcrumbList","@id":"https:\/\/www.sternstunden-buch.de\/#breadcrumb","itemListElement":[{"@type":"ListItem","position":1,"name":"Startseite","item":"https:\/\/www.sternstunden-buch.de\/"},{"@type":"ListItem","position":2,"name":"Sternstunden"}]},{"@type":"WebSite","@id":"https:\/\/www.sternstunden-buch.de\/#website","url":"https:\/\/www.sternstunden-buch.de\/","name":"Sternstunden","description":"","potentialAction":[{"@type":"SearchAction","target":{"@type":"EntryPoint","urlTemplate":"https:\/\/www.sternstunden-buch.de\/?s={search_term_string}"},"query-input":{"@type":"PropertyValueSpecification","valueRequired":true,"valueName":"search_term_string"}}],"inLanguage":"de"}]}},"_links":{"self":[{"href":"https:\/\/www.sternstunden-buch.de\/index.php?rest_route=\/wp\/v2\/pages\/2","targetHints":{"allow":["GET"]}}],"collection":[{"href":"https:\/\/www.sternstunden-buch.de\/index.php?rest_route=\/wp\/v2\/pages"}],"about":[{"href":"https:\/\/www.sternstunden-buch.de\/index.php?rest_route=\/wp\/v2\/types\/page"}],"author":[{"embeddable":true,"href":"https:\/\/www.sternstunden-buch.de\/index.php?rest_route=\/wp\/v2\/users\/1"}],"replies":[{"embeddable":true,"href":"https:\/\/www.sternstunden-buch.de\/index.php?rest_route=%2Fwp%2Fv2%2Fcomments&post=2"}],"version-history":[{"count":3,"href":"https:\/\/www.sternstunden-buch.de\/index.php?rest_route=\/wp\/v2\/pages\/2\/revisions"}],"predecessor-version":[{"id":149,"href":"https:\/\/www.sternstunden-buch.de\/index.php?rest_route=\/wp\/v2\/pages\/2\/revisions\/149"}],"wp:attachment":[{"href":"https:\/\/www.sternstunden-buch.de\/index.php?rest_route=%2Fwp%2Fv2%2Fmedia&parent=2"}],"curies":[{"name":"wp","href":"https:\/\/api.w.org\/{rel}","templated":true}]}}